{"id":326,"date":"2020-06-08T21:37:15","date_gmt":"2020-06-08T19:37:15","guid":{"rendered":"https:\/\/www.ms-pracsol.de\/?post_type=product&#038;p=326"},"modified":"2020-06-08T21:39:23","modified_gmt":"2020-06-08T19:39:23","slug":"schmeisser-ar-15-m5f-1675","status":"publish","type":"product","link":"https:\/\/www.ms-pracsol.de\/?product=schmeisser-ar-15-m5f-1675","title":{"rendered":"Schmeisser AR-15 M5F 16,75&#8243;"},"content":{"rendered":"<p><em>Abgabe nur an Inhaber einer passenden Erwerbserlaubnis.<\/em><\/p>\n<p>&nbsp;<\/p>\n<p>Kaliber: .223 Rem<\/p>\n<p>Die Schmeisser AR15 M5FL 16,75\u2033 ist eine universelle SL-B\u00fcchse f\u00fcr Sport,Jagd und Sicherheit mit freischwingendem 16,75\u2033Lauf und langem Handschutz.<\/p>\n<p>&nbsp;<\/p>\n<p>Hergestellt in Deutschland durch Schmeisser.<\/p>\n<p>Herstellungsjahr: 2020.<\/p>\n<p>Zustand: Neuware. Originalverpackt.<\/p>\n<p>Lauf: Felder und Z\u00fcge perfekt. Neuware.<\/p>\n<p>Beschuss: Deutsch, g\u00fcltig.<\/p>\n<p>Sportlich zugelassen: Ja.<\/p>\n<p>&nbsp;<\/p>\n<ul>\n<li>Diese Waffe hat einen freischwingenden Lauf mit No Flash M\u00fcndungsfeuerd\u00e4mpfer<\/li>\n<li>einen schlanken Keymod-Vorderschaft und einen Stahl Gasblock<\/li>\n<li>Der Two-Stage Trigger garantiert eine klar definierte<br \/>\ntrockene Schu\u00dfausl\u00f6sung<\/li>\n<li>Sowohl Sicherung, Magazinausl\u00f6ser, Durchladehebel als<br \/>\nauch Verschlussfang sind beidseitig ausgelegt<\/li>\n<li>Die Solid-Verst\u00e4rkung am Lower erh\u00f6ht die Stabilitit\u00e4t um<br \/>\nein Vielfaches gegen\u00fcber herk\u00f6mmlichen AR15<\/li>\n<li>Auslieferung erfolgt serienm\u00e4\u00dfig mit 10 Schuss Magazin<br \/>\nund Flip-up Visierung.<\/li>\n<\/ul>\n<p>&nbsp;<\/p>\n<table id=\"tablepress-59\" class=\"tablepress tablepress-id-59\">\n<tbody class=\"row-hover\">\n<tr class=\"row-1 odd\">\n<td class=\"column-1\">System<\/td>\n<td class=\"column-2\">Halbautomatisches direktes Gassystem<\/td>\n<\/tr>\n<tr class=\"row-2 even\">\n<td class=\"column-1\">Kaliber<\/td>\n<td class=\"column-2\">.223 Rem.<\/td>\n<\/tr>\n<tr class=\"row-3 odd\">\n<td class=\"column-1\">Gewicht<\/td>\n<td class=\"column-2\">3.650 Gramm<\/td>\n<\/tr>\n<tr class=\"row-4 even\">\n<td class=\"column-1\">L\u00e4nge<\/td>\n<td class=\"column-2\">87,5 cm eingeschoben, 95 cm ausgezogen<\/td>\n<\/tr>\n<tr class=\"row-5 odd\">\n<td class=\"column-1\">Lauf<\/td>\n<td class=\"column-2\">16,75&#8243;\/42,5 cm, Heavy Barrel br\u00fcniert<\/td>\n<\/tr>\n<tr class=\"row-6 even\">\n<td class=\"column-1\">Patronenlager<\/td>\n<td class=\"column-2\">.223 Rem.\/ 5.56 NATO<\/td>\n<\/tr>\n<tr class=\"row-7 odd\">\n<td class=\"column-1\">Drall<\/td>\n<td class=\"column-2\">1\/9 Knopfgezogen<\/td>\n<\/tr>\n<tr class=\"row-8 even\">\n<td class=\"column-1\">M\u00fcndungs-<br \/>\nfeuerd\u00e4mpfer<\/td>\n<td class=\"column-2\">NoFlash, Stahl, A2\/M4 nach Mil-Spec<\/td>\n<\/tr>\n<tr class=\"row-9 odd\">\n<td class=\"column-1\">Gewinde<\/td>\n<td class=\"column-2\">1\/2&#215;28 UNEF-2A<\/td>\n<\/tr>\n<tr class=\"row-10 even\">\n<td class=\"column-1\">Verschluss<\/td>\n<td class=\"column-2\">Semi-Auto Verschlusstr\u00e4ger, phosphatiert und teilverchromt<\/td>\n<\/tr>\n<tr class=\"row-11 odd\">\n<td class=\"column-1\">Oberes Geh\u00e4use<\/td>\n<td class=\"column-2\">Nach Mil-Spec aus 7075 T6 Aluminium geschmiedet inkl. Picatinny-Profil, harteloxiert<\/td>\n<\/tr>\n<tr class=\"row-12 even\">\n<td class=\"column-1\">Durchladehebel<\/td>\n<td class=\"column-2\">Beidseitig bedienbar, 6082 T6 Aluminium<\/td>\n<\/tr>\n<tr class=\"row-13 odd\">\n<td class=\"column-1\">Handschutz<\/td>\n<td class=\"column-2\">Freischwingend mit Stahlgewindeeins\u00e4tzen (HELICOIL\u00ae). 39 cm L\u00e4nge, \u201cSlim-Line\u201d Profil, Picatinny-Schiene oben, dreiseitige Key-Mod Haltepunkte, harteloxiert<\/td>\n<\/tr>\n<tr class=\"row-14 even\">\n<td class=\"column-1\">Visierung<\/td>\n<td class=\"column-2\">Verstellbares Flip-Up Kunststoffvisier<\/td>\n<\/tr>\n<tr class=\"row-15 odd\">\n<td class=\"column-1\">Korn<\/td>\n<td class=\"column-2\">Verstellbares Flip-Up Kunststoffvisier<\/td>\n<\/tr>\n<tr class=\"row-16 even\">\n<td class=\"column-1\">Unteres Geh\u00e4use<\/td>\n<td class=\"column-2\">nach Mil-Spec aus 7075 T6 Aluminium geschmiedet, harteloxiert<\/td>\n<\/tr>\n<tr class=\"row-17 odd\">\n<td class=\"column-1\">Schaft<\/td>\n<td class=\"column-2\">7 Positionen Hinterschaft<\/td>\n<\/tr>\n<tr class=\"row-18 even\">\n<td class=\"column-1\">Buffer<\/td>\n<td class=\"column-2\">Standard carbine buffer und Feder<\/td>\n<\/tr>\n<tr class=\"row-19 odd\">\n<td class=\"column-1\">Abzug<\/td>\n<td class=\"column-2\">Druckpunktabzug, Abzugsgewicht 2.400 Gramm (1.500\/900 Gramm)<\/td>\n<\/tr>\n<tr class=\"row-20 even\">\n<td class=\"column-1\">Sicherung<\/td>\n<td class=\"column-2\">Beidseitige Fl\u00fcgelsicherung<\/td>\n<\/tr>\n<tr class=\"row-21 odd\">\n<td class=\"column-1\">Griff<\/td>\n<td class=\"column-2\">Kunststoff Pistolengriff gummiert<\/td>\n<\/tr>\n<tr class=\"row-22 even\">\n<td class=\"column-1\">Magazin<\/td>\n<td class=\"column-2\">10 Schuss<\/td>\n<\/tr>\n<tr class=\"row-23 odd\">\n<td class=\"column-1\">Schaftr\u00f6hre<\/td>\n<td class=\"column-2\">Solid Tube mit \u00dcberwurf, 7075 T6 Aluminium<\/td>\n<\/tr>\n<tr class=\"row-24 even\">\n<td class=\"column-1\">Verschlussfanghebel<\/td>\n<td class=\"column-2\">Beidseitig bedienbar, Stahl<\/td>\n<\/tr>\n<\/tbody>\n<\/table>\n<p><strong>Merkmale:<\/strong><\/p>\n<ul>\n<li>Keymod-Vorderschaft<\/li>\n<\/ul>\n<ul>\n<li>Picatinny-Aufnahme<\/li>\n<\/ul>\n<ul>\n<li>Einstellbarer Druckpunktabzug<\/li>\n<\/ul>\n<ul>\n<li>Beidseitig bedienbar(Durchladehebel, Verschlussfanghebel, Magazinausl\u00f6sehebel, Sicherung)<\/li>\n<\/ul>\n<ul>\n<li>Solid Verst\u00e4rkung am Lower<\/li>\n<\/ul>\n<ul>\n<li>Halbautomatisches direktes Gassystem (Direct Impingement System)<\/li>\n<\/ul>\n<ul>\n<li>Verstellbarer Hinterschaft<\/li>\n<\/ul>\n<p>&nbsp;<\/p>\n<p><strong>Lieferumfang:<\/strong><\/p>\n<ul>\n<li><strong>Schmeisser AR-15 M5FL 16,75&#8243; .223 Rem<\/strong><\/li>\n<\/ul>\n<ul>\n<li>stabiler und wertiger abschliessbarer Hartschalen-Waffenkoffer<\/li>\n<\/ul>\n<ul>\n<li><strong>Zweibein<\/strong><\/li>\n<\/ul>\n<ul>\n<li>M\u00fcndungsfeuerd\u00e4mpfer<\/li>\n<\/ul>\n<ul>\n<li><strong>Reinigungsset<\/strong><\/li>\n<\/ul>\n<ul>\n<li>Chamber Flag<\/li>\n<\/ul>\n<ul>\n<li>Bedienungsanleitung<\/li>\n<\/ul>\n<p>&nbsp;<\/p>\n<p>UVP des Herstellers 2.299 \u20ac<\/p>\n<p>&nbsp;<\/p>\n<p>&nbsp;<\/p>\n<p>&nbsp;<\/p>\n<p>Toll f\u00fcr Sportsch\u00fctzen (z.B. ZG4 im BDMP) oder auch f\u00fcr J\u00e4ger (z.B. Rehwild).<\/p>\n<p>&nbsp;<\/p>\n<p>Erwerb auf Gr\u00fcne WBK, Jahresjagdschein, WHL, Rote WBK m\u00f6glich (mit entsprechenden Vermerken in der jeweiligen EWB).<\/p>\n","protected":false},"excerpt":{"rendered":"<p>Abgabe nur an Inhaber einer passenden Erwerbserlaubnis. &nbsp; Kaliber: .223 Rem Die Schmeisser AR15 M5FL 16,75\u2033 ist eine universelle SL-B\u00fcchse f\u00fcr Sport,Jagd und Sicherheit mit freischwingendem 16,75\u2033Lauf und langem Handschutz. &nbsp; Hergestellt in Deutschland durch Schmeisser. Herstellungsjahr: 2020. Zustand: Neuware. Originalverpackt. Lauf: Felder und Z\u00fcge perfekt. Neuware. Beschuss: Deutsch, g\u00fcltig. Sportlich zugelassen: Ja. &nbsp; Diese&#8230;<\/p>\n<p class=\"more-link\"><a href=\"https:\/\/www.ms-pracsol.de\/?product=schmeisser-ar-15-m5f-1675\" class=\"themebutton3\">Read More<\/a><\/p>\n","protected":false},"featured_media":325,"comment_status":"open","ping_status":"closed","template":"","meta":{"spay_email":"","jetpack_publicize_message":"","jetpack_is_tweetstorm":false,"jetpack_publicize_feature_enabled":true},"product_cat":[35],"product_tag":[],"yoast_head":"<!-- This site is optimized with the Yoast SEO plugin v18.7 - https:\/\/yoast.com\/wordpress\/plugins\/seo\/ -->\n<title>Schmeisser AR-15 M5F 16,75&quot; - MSPS - Schie\u00dfkurse und Waffenhandel<\/title>\n<meta name=\"robots\" content=\"index, follow, max-snippet:-1, max-image-preview:large, max-video-preview:-1\" \/>\n<link rel=\"canonical\" href=\"https:\/\/www.ms-pracsol.de\/?product=schmeisser-ar-15-m5f-1675\" \/>\n<meta property=\"og:locale\" content=\"de_DE\" \/>\n<meta property=\"og:type\" content=\"article\" \/>\n<meta property=\"og:title\" content=\"Schmeisser AR-15 M5F 16,75&quot; - MSPS - Schie\u00dfkurse und Waffenhandel\" \/>\n<meta property=\"og:description\" content=\"Abgabe nur an Inhaber einer passenden Erwerbserlaubnis. &nbsp; Kaliber: .223 Rem Die Schmeisser AR15 M5FL 16,75\u2033 ist eine universelle SL-B\u00fcchse f\u00fcr Sport,Jagd und Sicherheit mit freischwingendem 16,75\u2033Lauf und langem Handschutz. &nbsp; Hergestellt in Deutschland durch Schmeisser. Herstellungsjahr: 2020. Zustand: Neuware. Originalverpackt. Lauf: Felder und Z\u00fcge perfekt. Neuware. Beschuss: Deutsch, g\u00fcltig. Sportlich zugelassen: Ja. &nbsp; Diese...Read More\" \/>\n<meta property=\"og:url\" content=\"https:\/\/www.ms-pracsol.de\/?product=schmeisser-ar-15-m5f-1675\" \/>\n<meta property=\"og:site_name\" content=\"MSPS - Schie\u00dfkurse und Waffenhandel\" \/>\n<meta property=\"article:modified_time\" content=\"2020-06-08T19:39:23+00:00\" \/>\n<meta property=\"og:image\" content=\"https:\/\/www.ms-pracsol.de\/wp-content\/uploads\/2020\/06\/M5FL-1675-223-Rem.jpg\" \/>\n\t<meta property=\"og:image:width\" content=\"1000\" \/>\n\t<meta property=\"og:image:height\" content=\"1000\" \/>\n\t<meta property=\"og:image:type\" content=\"image\/jpeg\" \/>\n<meta name=\"twitter:card\" content=\"summary_large_image\" \/>\n<meta name=\"twitter:label1\" content=\"Gesch\u00e4tzte Lesezeit\" \/>\n\t<meta name=\"twitter:data1\" content=\"2 Minuten\" \/>\n<script type=\"application\/ld+json\" class=\"yoast-schema-graph\">{\"@context\":\"https:\/\/schema.org\",\"@graph\":[{\"@type\":\"WebSite\",\"@id\":\"https:\/\/www.ms-pracsol.de\/#website\",\"url\":\"https:\/\/www.ms-pracsol.de\/\",\"name\":\"MSPS - Schie\u00dfkurse und Waffenhandel\",\"description\":\"Eure Kompetenz im Ruhrgebiet\",\"potentialAction\":[{\"@type\":\"SearchAction\",\"target\":{\"@type\":\"EntryPoint\",\"urlTemplate\":\"https:\/\/www.ms-pracsol.de\/?s={search_term_string}\"},\"query-input\":\"required name=search_term_string\"}],\"inLanguage\":\"de-DE\"},{\"@type\":\"ImageObject\",\"inLanguage\":\"de-DE\",\"@id\":\"https:\/\/www.ms-pracsol.de\/?product=schmeisser-ar-15-m5f-1675#primaryimage\",\"url\":\"https:\/\/i0.wp.com\/www.ms-pracsol.de\/wp-content\/uploads\/2020\/06\/M5FL-1675-223-Rem.jpg?fit=1000%2C1000&ssl=1\",\"contentUrl\":\"https:\/\/i0.wp.com\/www.ms-pracsol.de\/wp-content\/uploads\/2020\/06\/M5FL-1675-223-Rem.jpg?fit=1000%2C1000&ssl=1\",\"width\":1000,\"height\":1000},{\"@type\":\"WebPage\",\"@id\":\"https:\/\/www.ms-pracsol.de\/?product=schmeisser-ar-15-m5f-1675#webpage\",\"url\":\"https:\/\/www.ms-pracsol.de\/?product=schmeisser-ar-15-m5f-1675\",\"name\":\"Schmeisser AR-15 M5F 16,75\\\" - MSPS - Schie\u00dfkurse und Waffenhandel\",\"isPartOf\":{\"@id\":\"https:\/\/www.ms-pracsol.de\/#website\"},\"primaryImageOfPage\":{\"@id\":\"https:\/\/www.ms-pracsol.de\/?product=schmeisser-ar-15-m5f-1675#primaryimage\"},\"datePublished\":\"2020-06-08T19:37:15+00:00\",\"dateModified\":\"2020-06-08T19:39:23+00:00\",\"breadcrumb\":{\"@id\":\"https:\/\/www.ms-pracsol.de\/?product=schmeisser-ar-15-m5f-1675#breadcrumb\"},\"inLanguage\":\"de-DE\",\"potentialAction\":[{\"@type\":\"ReadAction\",\"target\":[\"https:\/\/www.ms-pracsol.de\/?product=schmeisser-ar-15-m5f-1675\"]}]},{\"@type\":\"BreadcrumbList\",\"@id\":\"https:\/\/www.ms-pracsol.de\/?product=schmeisser-ar-15-m5f-1675#breadcrumb\",\"itemListElement\":[{\"@type\":\"ListItem\",\"position\":1,\"name\":\"Startseite\",\"item\":\"https:\/\/www.ms-pracsol.de\/\"},{\"@type\":\"ListItem\",\"position\":2,\"name\":\"Shop\",\"item\":\"https:\/\/www.ms-pracsol.de\/?page_id=55\"},{\"@type\":\"ListItem\",\"position\":3,\"name\":\"Schmeisser AR-15 M5F 16,75&#8243;\"}]}]}<\/script>\n<!-- \/ Yoast SEO plugin. -->","yoast_head_json":{"title":"Schmeisser AR-15 M5F 16,75\" - MSPS - Schie\u00dfkurse und Waffenhandel","robots":{"index":"index","follow":"follow","max-snippet":"max-snippet:-1","max-image-preview":"max-image-preview:large","max-video-preview":"max-video-preview:-1"},"canonical":"https:\/\/www.ms-pracsol.de\/?product=schmeisser-ar-15-m5f-1675","og_locale":"de_DE","og_type":"article","og_title":"Schmeisser AR-15 M5F 16,75\" - MSPS - Schie\u00dfkurse und Waffenhandel","og_description":"Abgabe nur an Inhaber einer passenden Erwerbserlaubnis. &nbsp; Kaliber: .223 Rem Die Schmeisser AR15 M5FL 16,75\u2033 ist eine universelle SL-B\u00fcchse f\u00fcr Sport,Jagd und Sicherheit mit freischwingendem 16,75\u2033Lauf und langem Handschutz. &nbsp; Hergestellt in Deutschland durch Schmeisser. Herstellungsjahr: 2020. Zustand: Neuware. Originalverpackt. Lauf: Felder und Z\u00fcge perfekt. Neuware. Beschuss: Deutsch, g\u00fcltig. Sportlich zugelassen: Ja. &nbsp; Diese...Read More","og_url":"https:\/\/www.ms-pracsol.de\/?product=schmeisser-ar-15-m5f-1675","og_site_name":"MSPS - Schie\u00dfkurse und Waffenhandel","article_modified_time":"2020-06-08T19:39:23+00:00","og_image":[{"width":1000,"height":1000,"url":"https:\/\/www.ms-pracsol.de\/wp-content\/uploads\/2020\/06\/M5FL-1675-223-Rem.jpg","type":"image\/jpeg"}],"twitter_card":"summary_large_image","twitter_misc":{"Gesch\u00e4tzte Lesezeit":"2 Minuten"},"schema":{"@context":"https:\/\/schema.org","@graph":[{"@type":"WebSite","@id":"https:\/\/www.ms-pracsol.de\/#website","url":"https:\/\/www.ms-pracsol.de\/","name":"MSPS - Schie\u00dfkurse und Waffenhandel","description":"Eure Kompetenz im Ruhrgebiet","potentialAction":[{"@type":"SearchAction","target":{"@type":"EntryPoint","urlTemplate":"https:\/\/www.ms-pracsol.de\/?s={search_term_string}"},"query-input":"required name=search_term_string"}],"inLanguage":"de-DE"},{"@type":"ImageObject","inLanguage":"de-DE","@id":"https:\/\/www.ms-pracsol.de\/?product=schmeisser-ar-15-m5f-1675#primaryimage","url":"https:\/\/i0.wp.com\/www.ms-pracsol.de\/wp-content\/uploads\/2020\/06\/M5FL-1675-223-Rem.jpg?fit=1000%2C1000&ssl=1","contentUrl":"https:\/\/i0.wp.com\/www.ms-pracsol.de\/wp-content\/uploads\/2020\/06\/M5FL-1675-223-Rem.jpg?fit=1000%2C1000&ssl=1","width":1000,"height":1000},{"@type":"WebPage","@id":"https:\/\/www.ms-pracsol.de\/?product=schmeisser-ar-15-m5f-1675#webpage","url":"https:\/\/www.ms-pracsol.de\/?product=schmeisser-ar-15-m5f-1675","name":"Schmeisser AR-15 M5F 16,75\" - MSPS - Schie\u00dfkurse und Waffenhandel","isPartOf":{"@id":"https:\/\/www.ms-pracsol.de\/#website"},"primaryImageOfPage":{"@id":"https:\/\/www.ms-pracsol.de\/?product=schmeisser-ar-15-m5f-1675#primaryimage"},"datePublished":"2020-06-08T19:37:15+00:00","dateModified":"2020-06-08T19:39:23+00:00","breadcrumb":{"@id":"https:\/\/www.ms-pracsol.de\/?product=schmeisser-ar-15-m5f-1675#breadcrumb"},"inLanguage":"de-DE","potentialAction":[{"@type":"ReadAction","target":["https:\/\/www.ms-pracsol.de\/?product=schmeisser-ar-15-m5f-1675"]}]},{"@type":"BreadcrumbList","@id":"https:\/\/www.ms-pracsol.de\/?product=schmeisser-ar-15-m5f-1675#breadcrumb","itemListElement":[{"@type":"ListItem","position":1,"name":"Startseite","item":"https:\/\/www.ms-pracsol.de\/"},{"@type":"ListItem","position":2,"name":"Shop","item":"https:\/\/www.ms-pracsol.de\/?page_id=55"},{"@type":"ListItem","position":3,"name":"Schmeisser AR-15 M5F 16,75&#8243;"}]}]}},"_links":{"self":[{"href":"https:\/\/www.ms-pracsol.de\/index.php?rest_route=\/wp\/v2\/product\/326"}],"collection":[{"href":"https:\/\/www.ms-pracsol.de\/index.php?rest_route=\/wp\/v2\/product"}],"about":[{"href":"https:\/\/www.ms-pracsol.de\/index.php?rest_route=\/wp\/v2\/types\/product"}],"replies":[{"embeddable":true,"href":"https:\/\/www.ms-pracsol.de\/index.php?rest_route=%2Fwp%2Fv2%2Fcomments&post=326"}],"wp:featuredmedia":[{"embeddable":true,"href":"https:\/\/www.ms-pracsol.de\/index.php?rest_route=\/wp\/v2\/media\/325"}],"wp:attachment":[{"href":"https:\/\/www.ms-pracsol.de\/index.php?rest_route=%2Fwp%2Fv2%2Fmedia&parent=326"}],"wp:term":[{"taxonomy":"product_cat","embeddable":true,"href":"https:\/\/www.ms-pracsol.de\/index.php?rest_route=%2Fwp%2Fv2%2Fproduct_cat&post=326"},{"taxonomy":"product_tag","embeddable":true,"href":"https:\/\/www.ms-pracsol.de\/index.php?rest_route=%2Fwp%2Fv2%2Fproduct_tag&post=326"}],"curies":[{"name":"wp","href":"https:\/\/api.w.org\/{rel}","templated":true}]}}