{"id":211,"date":"2020-06-02T09:00:52","date_gmt":"2020-06-02T07:00:52","guid":{"rendered":"https:\/\/www.ms-pracsol.de\/?post_type=product&#038;p=211"},"modified":"2022-02-10T14:48:42","modified_gmt":"2022-02-10T13:48:42","slug":"walther-q5-match","status":"publish","type":"product","link":"https:\/\/www.ms-pracsol.de\/?product=walther-q5-match","title":{"rendered":"Walther Q5 Match"},"content":{"rendered":"<p><em>Abgabe nur an Inhaber einer passenden Erwerbserlaubnis.<\/em><\/p>\n<p>&nbsp;<\/p>\n<p><strong>Merkmale:<\/strong><\/p>\n<ul class=\"fr-selling-points\">\n<li class=\"fr-selling-point\">Polygonlauf<\/li>\n<li class=\"fr-selling-point\">vorgespannter, Quick Defense-Abzug<\/li>\n<li class=\"fr-selling-point\">Besonderheit: MIL-STD-1913 Zubeh\u00f6rschiene<\/li>\n<li class=\"fr-selling-point\">drei automatische Sicherungen<\/li>\n<li class=\"fr-selling-point\">drei auswechselbaren Griffr\u00fccken<\/li>\n<\/ul>\n<p>&nbsp;<\/p>\n<div class=\"fr-detail-description__content\">\n<p>Abweichend von der Standard PPQ M2 5\u201c bekam die Q5 Match ein neues sportliches Verschluss-Design: Die Riffelungen hinten helfen beim raschen, aber trotzdem sicheren Durchladen. Die Ausfr\u00e4sungen vorn sparen Gewicht und lassen den Verschluss wegen der geringeren Masse schneller wieder vorschnellen.<\/p>\n<p>Die Q5 Match wird mit drei auswechselbaren Adapterplatten f\u00fcr Red-Dot-Visierungen von Trijicon, Leupold und Docter\/Meopta ausgeliefert. Auf der neutralen Adapterplatte wurde ein h\u00f6hen- und seitenverstellbares LPA-Klickvisier montiert, das passende LPA-Korn dazu hat einen Fiberoptik-Einsatz (Achtung: diese Teile passen wegen einer anderen Schwalbenschwanz-Aufnahme nicht f\u00fcr die Standard-PPQ-Modelle!)<\/p>\n<p>Am Abzug ist die Q5 Match sofort erkennbar: Das blaue Z\u00fcngel und die Abzugstange mit blauer AFC &#8211; Beschichtung sorgen f\u00fcr eine bessere Abzugcharakteristik. F\u00fcr den Wettkampfeinsatz geh\u00f6ren gleich drei 15-Schuss-Magazine zum Lieferumfang, ebenso liegt der Innensechskantschl\u00fcssel zum Wechseln der Adapterplatten bei.<\/p>\n<\/div>\n<div class=\"fr-detail-description__bullet-points\">\n<div class=\"fr-space--20\"><\/div>\n<p><strong class=\"fr-detail-description__headline\">Technische Daten<\/strong><\/p>\n<ul>\n<li>Kaliber: 9 mm Luger<\/li>\n<li>Magazinkapazit\u00e4t: 15 Patronen<\/li>\n<li>Abzugsgewicht: 2500 g<\/li>\n<li>Abzug bis Griffr\u00fccken: 72 mm<\/li>\n<li>Laufseelenachse zur Schie\u00dfhand: 25 mm<\/li>\n<li>Visierl\u00e4nge: 181 mm<\/li>\n<li>Laufl\u00e4nge: 127 mm (5\u201c)<\/li>\n<li>Gewicht: 775 g<\/li>\n<li>Abmessung (LxBxH): 206x137x34 mm<\/li>\n<\/ul>\n<\/div>\n","protected":false},"excerpt":{"rendered":"<p>Abgabe nur an Inhaber einer passenden Erwerbserlaubnis. &nbsp; Merkmale: Polygonlauf vorgespannter, Quick Defense-Abzug Besonderheit: MIL-STD-1913 Zubeh\u00f6rschiene drei automatische Sicherungen drei auswechselbaren Griffr\u00fccken &nbsp; Abweichend von der Standard PPQ M2 5\u201c bekam die Q5 Match ein neues sportliches Verschluss-Design: Die Riffelungen hinten helfen beim raschen, aber trotzdem sicheren Durchladen. Die Ausfr\u00e4sungen vorn sparen Gewicht und lassen&#8230;<\/p>\n<p class=\"more-link\"><a href=\"https:\/\/www.ms-pracsol.de\/?product=walther-q5-match\" class=\"themebutton3\">Read More<\/a><\/p>\n","protected":false},"featured_media":214,"comment_status":"open","ping_status":"closed","template":"","meta":{"spay_email":"","jetpack_publicize_message":"","jetpack_is_tweetstorm":false,"jetpack_publicize_feature_enabled":true},"product_cat":[118,34],"product_tag":[72,71,70],"yoast_head":"<!-- This site is optimized with the Yoast SEO plugin v18.7 - https:\/\/yoast.com\/wordpress\/plugins\/seo\/ -->\n<title>Walther Q5 Match - MSPS - Schie\u00dfkurse und Waffenhandel<\/title>\n<meta name=\"robots\" content=\"index, follow, max-snippet:-1, max-image-preview:large, max-video-preview:-1\" \/>\n<link rel=\"canonical\" href=\"https:\/\/www.ms-pracsol.de\/?product=walther-q5-match\" \/>\n<meta property=\"og:locale\" content=\"de_DE\" \/>\n<meta property=\"og:type\" content=\"article\" \/>\n<meta property=\"og:title\" content=\"Walther Q5 Match - MSPS - Schie\u00dfkurse und Waffenhandel\" \/>\n<meta property=\"og:description\" content=\"Abgabe nur an Inhaber einer passenden Erwerbserlaubnis. &nbsp; Merkmale: Polygonlauf vorgespannter, Quick Defense-Abzug Besonderheit: MIL-STD-1913 Zubeh\u00f6rschiene drei automatische Sicherungen drei auswechselbaren Griffr\u00fccken &nbsp; Abweichend von der Standard PPQ M2 5\u201c bekam die Q5 Match ein neues sportliches Verschluss-Design: Die Riffelungen hinten helfen beim raschen, aber trotzdem sicheren Durchladen. Die Ausfr\u00e4sungen vorn sparen Gewicht und lassen...Read More\" \/>\n<meta property=\"og:url\" content=\"https:\/\/www.ms-pracsol.de\/?product=walther-q5-match\" \/>\n<meta property=\"og:site_name\" content=\"MSPS - Schie\u00dfkurse und Waffenhandel\" \/>\n<meta property=\"article:modified_time\" content=\"2022-02-10T13:48:42+00:00\" \/>\n<meta property=\"og:image\" content=\"https:\/\/www.ms-pracsol.de\/wp-content\/uploads\/2020\/06\/q5-match-01.jpg\" \/>\n\t<meta property=\"og:image:width\" content=\"1000\" \/>\n\t<meta property=\"og:image:height\" content=\"1000\" \/>\n\t<meta property=\"og:image:type\" content=\"image\/jpeg\" \/>\n<meta name=\"twitter:card\" content=\"summary_large_image\" \/>\n<meta name=\"twitter:label1\" content=\"Gesch\u00e4tzte Lesezeit\" \/>\n\t<meta name=\"twitter:data1\" content=\"1 Minute\" \/>\n<script type=\"application\/ld+json\" class=\"yoast-schema-graph\">{\"@context\":\"https:\/\/schema.org\",\"@graph\":[{\"@type\":\"WebSite\",\"@id\":\"https:\/\/www.ms-pracsol.de\/#website\",\"url\":\"https:\/\/www.ms-pracsol.de\/\",\"name\":\"MSPS - Schie\u00dfkurse und Waffenhandel\",\"description\":\"Eure Kompetenz im Ruhrgebiet\",\"potentialAction\":[{\"@type\":\"SearchAction\",\"target\":{\"@type\":\"EntryPoint\",\"urlTemplate\":\"https:\/\/www.ms-pracsol.de\/?s={search_term_string}\"},\"query-input\":\"required name=search_term_string\"}],\"inLanguage\":\"de-DE\"},{\"@type\":\"ImageObject\",\"inLanguage\":\"de-DE\",\"@id\":\"https:\/\/www.ms-pracsol.de\/?product=walther-q5-match#primaryimage\",\"url\":\"https:\/\/i0.wp.com\/www.ms-pracsol.de\/wp-content\/uploads\/2020\/06\/q5-match-01.jpg?fit=1000%2C1000&ssl=1\",\"contentUrl\":\"https:\/\/i0.wp.com\/www.ms-pracsol.de\/wp-content\/uploads\/2020\/06\/q5-match-01.jpg?fit=1000%2C1000&ssl=1\",\"width\":1000,\"height\":1000},{\"@type\":\"WebPage\",\"@id\":\"https:\/\/www.ms-pracsol.de\/?product=walther-q5-match#webpage\",\"url\":\"https:\/\/www.ms-pracsol.de\/?product=walther-q5-match\",\"name\":\"Walther Q5 Match - MSPS - Schie\u00dfkurse und Waffenhandel\",\"isPartOf\":{\"@id\":\"https:\/\/www.ms-pracsol.de\/#website\"},\"primaryImageOfPage\":{\"@id\":\"https:\/\/www.ms-pracsol.de\/?product=walther-q5-match#primaryimage\"},\"datePublished\":\"2020-06-02T07:00:52+00:00\",\"dateModified\":\"2022-02-10T13:48:42+00:00\",\"breadcrumb\":{\"@id\":\"https:\/\/www.ms-pracsol.de\/?product=walther-q5-match#breadcrumb\"},\"inLanguage\":\"de-DE\",\"potentialAction\":[{\"@type\":\"ReadAction\",\"target\":[\"https:\/\/www.ms-pracsol.de\/?product=walther-q5-match\"]}]},{\"@type\":\"BreadcrumbList\",\"@id\":\"https:\/\/www.ms-pracsol.de\/?product=walther-q5-match#breadcrumb\",\"itemListElement\":[{\"@type\":\"ListItem\",\"position\":1,\"name\":\"Startseite\",\"item\":\"https:\/\/www.ms-pracsol.de\/\"},{\"@type\":\"ListItem\",\"position\":2,\"name\":\"Shop\",\"item\":\"https:\/\/www.ms-pracsol.de\/?page_id=55\"},{\"@type\":\"ListItem\",\"position\":3,\"name\":\"Walther Q5 Match\"}]}]}<\/script>\n<!-- \/ Yoast SEO plugin. -->","yoast_head_json":{"title":"Walther Q5 Match - MSPS - Schie\u00dfkurse und Waffenhandel","robots":{"index":"index","follow":"follow","max-snippet":"max-snippet:-1","max-image-preview":"max-image-preview:large","max-video-preview":"max-video-preview:-1"},"canonical":"https:\/\/www.ms-pracsol.de\/?product=walther-q5-match","og_locale":"de_DE","og_type":"article","og_title":"Walther Q5 Match - MSPS - Schie\u00dfkurse und Waffenhandel","og_description":"Abgabe nur an Inhaber einer passenden Erwerbserlaubnis. &nbsp; Merkmale: Polygonlauf vorgespannter, Quick Defense-Abzug Besonderheit: MIL-STD-1913 Zubeh\u00f6rschiene drei automatische Sicherungen drei auswechselbaren Griffr\u00fccken &nbsp; Abweichend von der Standard PPQ M2 5\u201c bekam die Q5 Match ein neues sportliches Verschluss-Design: Die Riffelungen hinten helfen beim raschen, aber trotzdem sicheren Durchladen. Die Ausfr\u00e4sungen vorn sparen Gewicht und lassen...Read More","og_url":"https:\/\/www.ms-pracsol.de\/?product=walther-q5-match","og_site_name":"MSPS - Schie\u00dfkurse und Waffenhandel","article_modified_time":"2022-02-10T13:48:42+00:00","og_image":[{"width":1000,"height":1000,"url":"https:\/\/www.ms-pracsol.de\/wp-content\/uploads\/2020\/06\/q5-match-01.jpg","type":"image\/jpeg"}],"twitter_card":"summary_large_image","twitter_misc":{"Gesch\u00e4tzte Lesezeit":"1 Minute"},"schema":{"@context":"https:\/\/schema.org","@graph":[{"@type":"WebSite","@id":"https:\/\/www.ms-pracsol.de\/#website","url":"https:\/\/www.ms-pracsol.de\/","name":"MSPS - Schie\u00dfkurse und Waffenhandel","description":"Eure Kompetenz im Ruhrgebiet","potentialAction":[{"@type":"SearchAction","target":{"@type":"EntryPoint","urlTemplate":"https:\/\/www.ms-pracsol.de\/?s={search_term_string}"},"query-input":"required name=search_term_string"}],"inLanguage":"de-DE"},{"@type":"ImageObject","inLanguage":"de-DE","@id":"https:\/\/www.ms-pracsol.de\/?product=walther-q5-match#primaryimage","url":"https:\/\/i0.wp.com\/www.ms-pracsol.de\/wp-content\/uploads\/2020\/06\/q5-match-01.jpg?fit=1000%2C1000&ssl=1","contentUrl":"https:\/\/i0.wp.com\/www.ms-pracsol.de\/wp-content\/uploads\/2020\/06\/q5-match-01.jpg?fit=1000%2C1000&ssl=1","width":1000,"height":1000},{"@type":"WebPage","@id":"https:\/\/www.ms-pracsol.de\/?product=walther-q5-match#webpage","url":"https:\/\/www.ms-pracsol.de\/?product=walther-q5-match","name":"Walther Q5 Match - MSPS - Schie\u00dfkurse und Waffenhandel","isPartOf":{"@id":"https:\/\/www.ms-pracsol.de\/#website"},"primaryImageOfPage":{"@id":"https:\/\/www.ms-pracsol.de\/?product=walther-q5-match#primaryimage"},"datePublished":"2020-06-02T07:00:52+00:00","dateModified":"2022-02-10T13:48:42+00:00","breadcrumb":{"@id":"https:\/\/www.ms-pracsol.de\/?product=walther-q5-match#breadcrumb"},"inLanguage":"de-DE","potentialAction":[{"@type":"ReadAction","target":["https:\/\/www.ms-pracsol.de\/?product=walther-q5-match"]}]},{"@type":"BreadcrumbList","@id":"https:\/\/www.ms-pracsol.de\/?product=walther-q5-match#breadcrumb","itemListElement":[{"@type":"ListItem","position":1,"name":"Startseite","item":"https:\/\/www.ms-pracsol.de\/"},{"@type":"ListItem","position":2,"name":"Shop","item":"https:\/\/www.ms-pracsol.de\/?page_id=55"},{"@type":"ListItem","position":3,"name":"Walther Q5 Match"}]}]}},"_links":{"self":[{"href":"https:\/\/www.ms-pracsol.de\/index.php?rest_route=\/wp\/v2\/product\/211"}],"collection":[{"href":"https:\/\/www.ms-pracsol.de\/index.php?rest_route=\/wp\/v2\/product"}],"about":[{"href":"https:\/\/www.ms-pracsol.de\/index.php?rest_route=\/wp\/v2\/types\/product"}],"replies":[{"embeddable":true,"href":"https:\/\/www.ms-pracsol.de\/index.php?rest_route=%2Fwp%2Fv2%2Fcomments&post=211"}],"wp:featuredmedia":[{"embeddable":true,"href":"https:\/\/www.ms-pracsol.de\/index.php?rest_route=\/wp\/v2\/media\/214"}],"wp:attachment":[{"href":"https:\/\/www.ms-pracsol.de\/index.php?rest_route=%2Fwp%2Fv2%2Fmedia&parent=211"}],"wp:term":[{"taxonomy":"product_cat","embeddable":true,"href":"https:\/\/www.ms-pracsol.de\/index.php?rest_route=%2Fwp%2Fv2%2Fproduct_cat&post=211"},{"taxonomy":"product_tag","embeddable":true,"href":"https:\/\/www.ms-pracsol.de\/index.php?rest_route=%2Fwp%2Fv2%2Fproduct_tag&post=211"}],"curies":[{"name":"wp","href":"https:\/\/api.w.org\/{rel}","templated":true}]}}