{"id":106,"date":"2020-05-07T15:41:24","date_gmt":"2020-05-07T13:41:24","guid":{"rendered":"http:\/\/mspracsol.de\/?post_type=product&#038;p=106"},"modified":"2021-11-18T14:32:38","modified_gmt":"2021-11-18T13:32:38","slug":"sellier-bellot-9-mm-luger-vollmantel-80g-124grs","status":"publish","type":"product","link":"https:\/\/www.ms-pracsol.de\/?product=sellier-bellot-9-mm-luger-vollmantel-80g-124grs","title":{"rendered":"S&#038;B Vollmantel TFMJ 8,0g\/124grs 9mm Luger"},"content":{"rendered":"<p><strong>Abgabe nur an Inhaber einer passenden Erwerbsberechtigung.<\/strong><\/p>\n<p>&nbsp;<\/p>\n<p><strong>1000 St\u00fcck<\/strong> zu 20 Paketen \u00e1 50 St\u00fcck<\/p>\n<p>&nbsp;<\/p>\n<p>&nbsp;<\/p>\n<p>Weitere Staffelpreise (2.000, 5.000, 10.000 St\u00fcck) bitte per Kontaktformular anfragen.<\/p>\n<div id='contact-form-106'>\n<form action='https:\/\/www.ms-pracsol.de\/?product=sellier-bellot-9-mm-luger-vollmantel-80g-124grs#contact-form-106' method='post' class='contact-form commentsblock'>\n<script>\n\t\t\t( function () {\n\t\t\t\tconst contact_forms = document.getElementsByClassName('contact-form');\n\n\t\t\t\tfor ( const form of contact_forms ) {\n\t\t\t\t\tform.onsubmit = function() {\n\t\t\t\t\t\tconst buttons = form.getElementsByTagName('button');\n\n\t\t\t\t\t\tfor( const button of buttons ) {\n\t\t\t\t\t\t\tbutton.setAttribute('disabled', true);\n\t\t\t\t\t\t}\n\t\t\t\t\t}\n\t\t\t\t}\n\t\t\t} )();\n\t\t<\/script>\n<div class='grunion-field-wrap grunion-field-name-wrap'  >\n<label\n\t\t\t\tfor='g106-name'\n\t\t\t\tclass='grunion-field-label name'\n\t\t\t\t>Name<span>(erforderlich)<\/span><\/label>\n<input\n\t\t\t\t\ttype='text'\n\t\t\t\t\tname='g106-name'\n\t\t\t\t\tid='g106-name'\n\t\t\t\t\tvalue=''\n\t\t\t\t\tclass='name' \n\t\t\t\t\trequired aria-required='true'\n\t\t\t\t\/>\n\t<\/div>\n\n<div class='grunion-field-wrap grunion-field-email-wrap'  >\n<label\n\t\t\t\tfor='g106-email'\n\t\t\t\tclass='grunion-field-label email'\n\t\t\t\t>E-Mail<span>(erforderlich)<\/span><\/label>\n<input\n\t\t\t\t\ttype='email'\n\t\t\t\t\tname='g106-email'\n\t\t\t\t\tid='g106-email'\n\t\t\t\t\tvalue=''\n\t\t\t\t\tclass='email' \n\t\t\t\t\trequired aria-required='true'\n\t\t\t\t\/>\n\t<\/div>\n\n<div class='grunion-field-wrap grunion-field-url-wrap'  >\n<label\n\t\t\t\tfor='g106-website'\n\t\t\t\tclass='grunion-field-label url'\n\t\t\t\t>Website<\/label>\n<input\n\t\t\t\t\ttype='url'\n\t\t\t\t\tname='g106-website'\n\t\t\t\t\tid='g106-website'\n\t\t\t\t\tvalue=''\n\t\t\t\t\tclass='url' \n\t\t\t\t\t\n\t\t\t\t\/>\n\t<\/div>\n\n<div class='grunion-field-wrap grunion-field-textarea-wrap'  >\n<label\n\t\t\t\tfor='contact-form-comment-g106-nachricht'\n\t\t\t\tclass='grunion-field-label textarea'\n\t\t\t\t>Nachricht<\/label>\n<textarea\n\t\t                name='g106-nachricht'\n\t\t                id='contact-form-comment-g106-nachricht'\n\t\t                rows='20' class='textarea'  ><\/textarea>\n\t<\/div>\n\t<p class='contact-submit'>\n\t\t<button type='submit' class='pushbutton-wide'>Senden<\/button>\t\t<input type='hidden' name='contact-form-id' value='106' \/>\n\t\t<input type='hidden' name='action' value='grunion-contact-form' \/>\n\t\t<input type='hidden' name='contact-form-hash' value='bd811dd3b512350ea124908b41c54f14dc2813df' \/>\n\t<\/p>\n<\/form>\n<\/div>\n","protected":false},"excerpt":{"rendered":"<p>Abgabe nur an Inhaber einer passenden Erwerbsberechtigung. &nbsp; 1000 St\u00fcck zu 20 Paketen \u00e1 50 St\u00fcck &nbsp; &nbsp; Weitere Staffelpreise (2.000, 5.000, 10.000 St\u00fcck) bitte per Kontaktformular anfragen.<\/p>\n","protected":false},"featured_media":158,"comment_status":"closed","ping_status":"closed","template":"","meta":{"spay_email":"","jetpack_publicize_message":"","jetpack_is_tweetstorm":false,"jetpack_publicize_feature_enabled":true},"product_cat":[16],"product_tag":[36],"yoast_head":"<!-- This site is optimized with the Yoast SEO plugin v18.7 - https:\/\/yoast.com\/wordpress\/plugins\/seo\/ -->\n<title>S&amp;B Vollmantel TFMJ 8,0g\/124grs 9mm Luger - MSPS - Schie\u00dfkurse und Waffenhandel<\/title>\n<meta name=\"robots\" content=\"index, follow, max-snippet:-1, max-image-preview:large, max-video-preview:-1\" \/>\n<link rel=\"canonical\" href=\"https:\/\/www.ms-pracsol.de\/?product=sellier-bellot-9-mm-luger-vollmantel-80g-124grs\" \/>\n<meta property=\"og:locale\" content=\"de_DE\" \/>\n<meta property=\"og:type\" content=\"article\" \/>\n<meta property=\"og:title\" content=\"S&amp;B Vollmantel TFMJ 8,0g\/124grs 9mm Luger - MSPS - Schie\u00dfkurse und Waffenhandel\" \/>\n<meta property=\"og:description\" content=\"Abgabe nur an Inhaber einer passenden Erwerbsberechtigung. &nbsp; 1000 St\u00fcck zu 20 Paketen \u00e1 50 St\u00fcck &nbsp; &nbsp; Weitere Staffelpreise (2.000, 5.000, 10.000 St\u00fcck) bitte per Kontaktformular anfragen.\" \/>\n<meta property=\"og:url\" content=\"https:\/\/www.ms-pracsol.de\/?product=sellier-bellot-9-mm-luger-vollmantel-80g-124grs\" \/>\n<meta property=\"og:site_name\" content=\"MSPS - Schie\u00dfkurse und Waffenhandel\" \/>\n<meta property=\"article:modified_time\" content=\"2021-11-18T13:32:38+00:00\" \/>\n<meta property=\"og:image\" content=\"https:\/\/i0.wp.com\/www.ms-pracsol.de\/wp-content\/uploads\/2020\/05\/sb_nontox_124_9x19.jpg?fit=1000%2C1000&#038;ssl=1\" \/>\n\t<meta property=\"og:image:width\" content=\"1000\" \/>\n\t<meta property=\"og:image:height\" content=\"1000\" \/>\n\t<meta property=\"og:image:type\" content=\"image\/jpeg\" \/>\n<meta name=\"twitter:card\" content=\"summary_large_image\" \/>\n<script type=\"application\/ld+json\" class=\"yoast-schema-graph\">{\"@context\":\"https:\/\/schema.org\",\"@graph\":[{\"@type\":\"WebSite\",\"@id\":\"https:\/\/www.ms-pracsol.de\/#website\",\"url\":\"https:\/\/www.ms-pracsol.de\/\",\"name\":\"MSPS - Schie\u00dfkurse und Waffenhandel\",\"description\":\"Eure Kompetenz im Ruhrgebiet\",\"potentialAction\":[{\"@type\":\"SearchAction\",\"target\":{\"@type\":\"EntryPoint\",\"urlTemplate\":\"https:\/\/www.ms-pracsol.de\/?s={search_term_string}\"},\"query-input\":\"required name=search_term_string\"}],\"inLanguage\":\"de-DE\"},{\"@type\":\"ImageObject\",\"inLanguage\":\"de-DE\",\"@id\":\"https:\/\/www.ms-pracsol.de\/?product=sellier-bellot-9-mm-luger-vollmantel-80g-124grs#primaryimage\",\"url\":\"https:\/\/i0.wp.com\/www.ms-pracsol.de\/wp-content\/uploads\/2020\/05\/sb_nontox_124_9x19.jpg?fit=1000%2C1000&ssl=1\",\"contentUrl\":\"https:\/\/i0.wp.com\/www.ms-pracsol.de\/wp-content\/uploads\/2020\/05\/sb_nontox_124_9x19.jpg?fit=1000%2C1000&ssl=1\",\"width\":1000,\"height\":1000},{\"@type\":\"WebPage\",\"@id\":\"https:\/\/www.ms-pracsol.de\/?product=sellier-bellot-9-mm-luger-vollmantel-80g-124grs#webpage\",\"url\":\"https:\/\/www.ms-pracsol.de\/?product=sellier-bellot-9-mm-luger-vollmantel-80g-124grs\",\"name\":\"S&B Vollmantel TFMJ 8,0g\/124grs 9mm Luger - MSPS - Schie\u00dfkurse und Waffenhandel\",\"isPartOf\":{\"@id\":\"https:\/\/www.ms-pracsol.de\/#website\"},\"primaryImageOfPage\":{\"@id\":\"https:\/\/www.ms-pracsol.de\/?product=sellier-bellot-9-mm-luger-vollmantel-80g-124grs#primaryimage\"},\"datePublished\":\"2020-05-07T13:41:24+00:00\",\"dateModified\":\"2021-11-18T13:32:38+00:00\",\"breadcrumb\":{\"@id\":\"https:\/\/www.ms-pracsol.de\/?product=sellier-bellot-9-mm-luger-vollmantel-80g-124grs#breadcrumb\"},\"inLanguage\":\"de-DE\",\"potentialAction\":[{\"@type\":\"ReadAction\",\"target\":[\"https:\/\/www.ms-pracsol.de\/?product=sellier-bellot-9-mm-luger-vollmantel-80g-124grs\"]}]},{\"@type\":\"BreadcrumbList\",\"@id\":\"https:\/\/www.ms-pracsol.de\/?product=sellier-bellot-9-mm-luger-vollmantel-80g-124grs#breadcrumb\",\"itemListElement\":[{\"@type\":\"ListItem\",\"position\":1,\"name\":\"Startseite\",\"item\":\"https:\/\/www.ms-pracsol.de\/\"},{\"@type\":\"ListItem\",\"position\":2,\"name\":\"Shop\",\"item\":\"https:\/\/www.ms-pracsol.de\/?page_id=55\"},{\"@type\":\"ListItem\",\"position\":3,\"name\":\"S&#038;B Vollmantel TFMJ 8,0g\/124grs 9mm Luger\"}]}]}<\/script>\n<!-- \/ Yoast SEO plugin. -->","yoast_head_json":{"title":"S&B Vollmantel TFMJ 8,0g\/124grs 9mm Luger - MSPS - Schie\u00dfkurse und Waffenhandel","robots":{"index":"index","follow":"follow","max-snippet":"max-snippet:-1","max-image-preview":"max-image-preview:large","max-video-preview":"max-video-preview:-1"},"canonical":"https:\/\/www.ms-pracsol.de\/?product=sellier-bellot-9-mm-luger-vollmantel-80g-124grs","og_locale":"de_DE","og_type":"article","og_title":"S&B Vollmantel TFMJ 8,0g\/124grs 9mm Luger - MSPS - Schie\u00dfkurse und Waffenhandel","og_description":"Abgabe nur an Inhaber einer passenden Erwerbsberechtigung. &nbsp; 1000 St\u00fcck zu 20 Paketen \u00e1 50 St\u00fcck &nbsp; &nbsp; Weitere Staffelpreise (2.000, 5.000, 10.000 St\u00fcck) bitte per Kontaktformular anfragen.","og_url":"https:\/\/www.ms-pracsol.de\/?product=sellier-bellot-9-mm-luger-vollmantel-80g-124grs","og_site_name":"MSPS - Schie\u00dfkurse und Waffenhandel","article_modified_time":"2021-11-18T13:32:38+00:00","og_image":[{"width":1000,"height":1000,"url":"https:\/\/i0.wp.com\/www.ms-pracsol.de\/wp-content\/uploads\/2020\/05\/sb_nontox_124_9x19.jpg?fit=1000%2C1000&ssl=1","type":"image\/jpeg"}],"twitter_card":"summary_large_image","schema":{"@context":"https:\/\/schema.org","@graph":[{"@type":"WebSite","@id":"https:\/\/www.ms-pracsol.de\/#website","url":"https:\/\/www.ms-pracsol.de\/","name":"MSPS - Schie\u00dfkurse und Waffenhandel","description":"Eure Kompetenz im Ruhrgebiet","potentialAction":[{"@type":"SearchAction","target":{"@type":"EntryPoint","urlTemplate":"https:\/\/www.ms-pracsol.de\/?s={search_term_string}"},"query-input":"required name=search_term_string"}],"inLanguage":"de-DE"},{"@type":"ImageObject","inLanguage":"de-DE","@id":"https:\/\/www.ms-pracsol.de\/?product=sellier-bellot-9-mm-luger-vollmantel-80g-124grs#primaryimage","url":"https:\/\/i0.wp.com\/www.ms-pracsol.de\/wp-content\/uploads\/2020\/05\/sb_nontox_124_9x19.jpg?fit=1000%2C1000&ssl=1","contentUrl":"https:\/\/i0.wp.com\/www.ms-pracsol.de\/wp-content\/uploads\/2020\/05\/sb_nontox_124_9x19.jpg?fit=1000%2C1000&ssl=1","width":1000,"height":1000},{"@type":"WebPage","@id":"https:\/\/www.ms-pracsol.de\/?product=sellier-bellot-9-mm-luger-vollmantel-80g-124grs#webpage","url":"https:\/\/www.ms-pracsol.de\/?product=sellier-bellot-9-mm-luger-vollmantel-80g-124grs","name":"S&B Vollmantel TFMJ 8,0g\/124grs 9mm Luger - MSPS - Schie\u00dfkurse und Waffenhandel","isPartOf":{"@id":"https:\/\/www.ms-pracsol.de\/#website"},"primaryImageOfPage":{"@id":"https:\/\/www.ms-pracsol.de\/?product=sellier-bellot-9-mm-luger-vollmantel-80g-124grs#primaryimage"},"datePublished":"2020-05-07T13:41:24+00:00","dateModified":"2021-11-18T13:32:38+00:00","breadcrumb":{"@id":"https:\/\/www.ms-pracsol.de\/?product=sellier-bellot-9-mm-luger-vollmantel-80g-124grs#breadcrumb"},"inLanguage":"de-DE","potentialAction":[{"@type":"ReadAction","target":["https:\/\/www.ms-pracsol.de\/?product=sellier-bellot-9-mm-luger-vollmantel-80g-124grs"]}]},{"@type":"BreadcrumbList","@id":"https:\/\/www.ms-pracsol.de\/?product=sellier-bellot-9-mm-luger-vollmantel-80g-124grs#breadcrumb","itemListElement":[{"@type":"ListItem","position":1,"name":"Startseite","item":"https:\/\/www.ms-pracsol.de\/"},{"@type":"ListItem","position":2,"name":"Shop","item":"https:\/\/www.ms-pracsol.de\/?page_id=55"},{"@type":"ListItem","position":3,"name":"S&#038;B Vollmantel TFMJ 8,0g\/124grs 9mm Luger"}]}]}},"_links":{"self":[{"href":"https:\/\/www.ms-pracsol.de\/index.php?rest_route=\/wp\/v2\/product\/106"}],"collection":[{"href":"https:\/\/www.ms-pracsol.de\/index.php?rest_route=\/wp\/v2\/product"}],"about":[{"href":"https:\/\/www.ms-pracsol.de\/index.php?rest_route=\/wp\/v2\/types\/product"}],"replies":[{"embeddable":true,"href":"https:\/\/www.ms-pracsol.de\/index.php?rest_route=%2Fwp%2Fv2%2Fcomments&post=106"}],"wp:featuredmedia":[{"embeddable":true,"href":"https:\/\/www.ms-pracsol.de\/index.php?rest_route=\/wp\/v2\/media\/158"}],"wp:attachment":[{"href":"https:\/\/www.ms-pracsol.de\/index.php?rest_route=%2Fwp%2Fv2%2Fmedia&parent=106"}],"wp:term":[{"taxonomy":"product_cat","embeddable":true,"href":"https:\/\/www.ms-pracsol.de\/index.php?rest_route=%2Fwp%2Fv2%2Fproduct_cat&post=106"},{"taxonomy":"product_tag","embeddable":true,"href":"https:\/\/www.ms-pracsol.de\/index.php?rest_route=%2Fwp%2Fv2%2Fproduct_tag&post=106"}],"curies":[{"name":"wp","href":"https:\/\/api.w.org\/{rel}","templated":true}]}}