{"id":64,"date":"2020-04-30T16:26:02","date_gmt":"2020-04-30T16:26:02","guid":{"rendered":"http:\/\/mspracsol.de\/?page_id=64"},"modified":"2020-06-02T11:20:26","modified_gmt":"2020-06-02T11:20:26","slug":"impressum","status":"publish","type":"page","link":"https:\/\/www.ms-pracsol.de\/?page_id=64","title":{"rendered":"Impressum"},"content":{"rendered":"\n<p><strong>MS.PracSol GmbH<\/strong><br>Bismarckstr. 31<br>45128 Essen<\/p>\n\n\n\n<p>Mobil: +49 (0)170 65 719 56<br>Telefax: +49 (0)201 43 966 70<\/p>\n\n\n\n<p>eMail: info@ms-pracsol.de<br>Website: www.ms-pracsol.de<\/p>\n\n\n\n<p>Registergericht: Amtsgericht Essen<br>Registernummer: HRB Nr. 30920<\/p>\n\n\n\n<p>Umsatzsteuer-Identifikationsnummer: DE815856750<\/p>\n\n\n\n<p>Vertretungsberechtigter Gesch\u00e4ftsf\u00fchrer: Andreas Schmitz<\/p>\n\n\n\n<p>Waffenrechtliche Aufsichtsbeh\u00f6rde:<br>Polizeipr\u00e4sidium Essen<br>B\u00fcscherstra\u00dfe 2-6<br>45131 Essen<\/p>\n\n[gzd_complaints]","protected":false},"excerpt":{"rendered":"<p>MS.PracSol GmbHBismarckstr. 3145128 Essen Mobil: +49 (0)170 65 719 56Telefax: +49 (0)201 43 966 70 eMail: info@ms-pracsol.deWebsite: www.ms-pracsol.de Registergericht: Amtsgericht EssenRegisternummer: HRB Nr. 30920 Umsatzsteuer-Identifikationsnummer: DE815856750 Vertretungsberechtigter Gesch\u00e4ftsf\u00fchrer: Andreas Schmitz Waffenrechtliche Aufsichtsbeh\u00f6rde:Polizeipr\u00e4sidium EssenB\u00fcscherstra\u00dfe 2-645131 Essen [gzd_complaints]<\/p>\n","protected":false},"author":1,"featured_media":0,"parent":0,"menu_order":10,"comment_status":"closed","ping_status":"closed","template":"","meta":{"spay_email":""},"yoast_head":"<!-- This site is optimized with the Yoast SEO plugin v18.7 - https:\/\/yoast.com\/wordpress\/plugins\/seo\/ -->\n<title>Impressum - MSPS - Schie\u00dfkurse und Waffenhandel<\/title>\n<meta name=\"robots\" content=\"index, follow, max-snippet:-1, max-image-preview:large, max-video-preview:-1\" \/>\n<link rel=\"canonical\" href=\"https:\/\/www.ms-pracsol.de\/?page_id=64\" \/>\n<meta property=\"og:locale\" content=\"de_DE\" \/>\n<meta property=\"og:type\" content=\"article\" \/>\n<meta property=\"og:title\" content=\"Impressum - MSPS - Schie\u00dfkurse und Waffenhandel\" \/>\n<meta property=\"og:description\" content=\"MS.PracSol GmbHBismarckstr. 3145128 Essen Mobil: +49 (0)170 65 719 56Telefax: +49 (0)201 43 966 70 eMail: info@ms-pracsol.deWebsite: www.ms-pracsol.de Registergericht: Amtsgericht EssenRegisternummer: HRB Nr. 30920 Umsatzsteuer-Identifikationsnummer: DE815856750 Vertretungsberechtigter Gesch\u00e4ftsf\u00fchrer: Andreas Schmitz Waffenrechtliche Aufsichtsbeh\u00f6rde:Polizeipr\u00e4sidium EssenB\u00fcscherstra\u00dfe 2-645131 Essen [gzd_complaints]\" \/>\n<meta property=\"og:url\" content=\"https:\/\/www.ms-pracsol.de\/?page_id=64\" \/>\n<meta property=\"og:site_name\" content=\"MSPS - Schie\u00dfkurse und Waffenhandel\" \/>\n<meta property=\"article:modified_time\" content=\"2020-06-02T11:20:26+00:00\" \/>\n<meta name=\"twitter:card\" content=\"summary_large_image\" \/>\n<script type=\"application\/ld+json\" class=\"yoast-schema-graph\">{\"@context\":\"https:\/\/schema.org\",\"@graph\":[{\"@type\":\"WebSite\",\"@id\":\"https:\/\/www.ms-pracsol.de\/#website\",\"url\":\"https:\/\/www.ms-pracsol.de\/\",\"name\":\"MSPS - Schie\u00dfkurse und Waffenhandel\",\"description\":\"Eure Kompetenz im Ruhrgebiet\",\"potentialAction\":[{\"@type\":\"SearchAction\",\"target\":{\"@type\":\"EntryPoint\",\"urlTemplate\":\"https:\/\/www.ms-pracsol.de\/?s={search_term_string}\"},\"query-input\":\"required name=search_term_string\"}],\"inLanguage\":\"de-DE\"},{\"@type\":\"WebPage\",\"@id\":\"https:\/\/www.ms-pracsol.de\/?page_id=64#webpage\",\"url\":\"https:\/\/www.ms-pracsol.de\/?page_id=64\",\"name\":\"Impressum - MSPS - Schie\u00dfkurse und Waffenhandel\",\"isPartOf\":{\"@id\":\"https:\/\/www.ms-pracsol.de\/#website\"},\"datePublished\":\"2020-04-30T16:26:02+00:00\",\"dateModified\":\"2020-06-02T11:20:26+00:00\",\"breadcrumb\":{\"@id\":\"https:\/\/www.ms-pracsol.de\/?page_id=64#breadcrumb\"},\"inLanguage\":\"de-DE\",\"potentialAction\":[{\"@type\":\"ReadAction\",\"target\":[\"https:\/\/www.ms-pracsol.de\/?page_id=64\"]}]},{\"@type\":\"BreadcrumbList\",\"@id\":\"https:\/\/www.ms-pracsol.de\/?page_id=64#breadcrumb\",\"itemListElement\":[{\"@type\":\"ListItem\",\"position\":1,\"name\":\"Startseite\",\"item\":\"https:\/\/www.ms-pracsol.de\/\"},{\"@type\":\"ListItem\",\"position\":2,\"name\":\"Impressum\"}]}]}<\/script>\n<!-- \/ Yoast SEO plugin. -->","yoast_head_json":{"title":"Impressum - MSPS - Schie\u00dfkurse und Waffenhandel","robots":{"index":"index","follow":"follow","max-snippet":"max-snippet:-1","max-image-preview":"max-image-preview:large","max-video-preview":"max-video-preview:-1"},"canonical":"https:\/\/www.ms-pracsol.de\/?page_id=64","og_locale":"de_DE","og_type":"article","og_title":"Impressum - MSPS - Schie\u00dfkurse und Waffenhandel","og_description":"MS.PracSol GmbHBismarckstr. 3145128 Essen Mobil: +49 (0)170 65 719 56Telefax: +49 (0)201 43 966 70 eMail: info@ms-pracsol.deWebsite: www.ms-pracsol.de Registergericht: Amtsgericht EssenRegisternummer: HRB Nr. 30920 Umsatzsteuer-Identifikationsnummer: DE815856750 Vertretungsberechtigter Gesch\u00e4ftsf\u00fchrer: Andreas Schmitz Waffenrechtliche Aufsichtsbeh\u00f6rde:Polizeipr\u00e4sidium EssenB\u00fcscherstra\u00dfe 2-645131 Essen [gzd_complaints]","og_url":"https:\/\/www.ms-pracsol.de\/?page_id=64","og_site_name":"MSPS - Schie\u00dfkurse und Waffenhandel","article_modified_time":"2020-06-02T11:20:26+00:00","twitter_card":"summary_large_image","schema":{"@context":"https:\/\/schema.org","@graph":[{"@type":"WebSite","@id":"https:\/\/www.ms-pracsol.de\/#website","url":"https:\/\/www.ms-pracsol.de\/","name":"MSPS - Schie\u00dfkurse und Waffenhandel","description":"Eure Kompetenz im Ruhrgebiet","potentialAction":[{"@type":"SearchAction","target":{"@type":"EntryPoint","urlTemplate":"https:\/\/www.ms-pracsol.de\/?s={search_term_string}"},"query-input":"required name=search_term_string"}],"inLanguage":"de-DE"},{"@type":"WebPage","@id":"https:\/\/www.ms-pracsol.de\/?page_id=64#webpage","url":"https:\/\/www.ms-pracsol.de\/?page_id=64","name":"Impressum - MSPS - Schie\u00dfkurse und Waffenhandel","isPartOf":{"@id":"https:\/\/www.ms-pracsol.de\/#website"},"datePublished":"2020-04-30T16:26:02+00:00","dateModified":"2020-06-02T11:20:26+00:00","breadcrumb":{"@id":"https:\/\/www.ms-pracsol.de\/?page_id=64#breadcrumb"},"inLanguage":"de-DE","potentialAction":[{"@type":"ReadAction","target":["https:\/\/www.ms-pracsol.de\/?page_id=64"]}]},{"@type":"BreadcrumbList","@id":"https:\/\/www.ms-pracsol.de\/?page_id=64#breadcrumb","itemListElement":[{"@type":"ListItem","position":1,"name":"Startseite","item":"https:\/\/www.ms-pracsol.de\/"},{"@type":"ListItem","position":2,"name":"Impressum"}]}]}},"_links":{"self":[{"href":"https:\/\/www.ms-pracsol.de\/index.php?rest_route=\/wp\/v2\/pages\/64"}],"collection":[{"href":"https:\/\/www.ms-pracsol.de\/index.php?rest_route=\/wp\/v2\/pages"}],"about":[{"href":"https:\/\/www.ms-pracsol.de\/index.php?rest_route=\/wp\/v2\/types\/page"}],"author":[{"embeddable":true,"href":"https:\/\/www.ms-pracsol.de\/index.php?rest_route=\/wp\/v2\/users\/1"}],"replies":[{"embeddable":true,"href":"https:\/\/www.ms-pracsol.de\/index.php?rest_route=%2Fwp%2Fv2%2Fcomments&post=64"}],"version-history":[{"count":4,"href":"https:\/\/www.ms-pracsol.de\/index.php?rest_route=\/wp\/v2\/pages\/64\/revisions"}],"predecessor-version":[{"id":233,"href":"https:\/\/www.ms-pracsol.de\/index.php?rest_route=\/wp\/v2\/pages\/64\/revisions\/233"}],"wp:attachment":[{"href":"https:\/\/www.ms-pracsol.de\/index.php?rest_route=%2Fwp%2Fv2%2Fmedia&parent=64"}],"curies":[{"name":"wp","href":"https:\/\/api.w.org\/{rel}","templated":true}]}}