{"id":339,"date":"2020-07-09T14:01:23","date_gmt":"2020-07-09T12:01:23","guid":{"rendered":"https:\/\/www.ms-pracsol.de\/?page_id=339"},"modified":"2025-07-21T14:06:48","modified_gmt":"2025-07-21T12:06:48","slug":"jaeger-1","status":"publish","type":"page","link":"https:\/\/www.ms-pracsol.de\/?page_id=339","title":{"rendered":"J\u00e4ger 1"},"content":{"rendered":"\n<p>Getreu unserem Motto \u201eMit.Waffen.Leben\u201c vermitteln wir hier die Grundlagen des Umgangs mit der Kurzwaffe. Ausgehend von den individuellen Vorrausetzungen der Kursteilnehmer verfolgen wir in diesem Kurs diese Ziele:<\/p>\n\n\n\n<p>Am Ende des Ausbildungstages soll der Teilnehmer\u2026<\/p>\n\n\n\n<p>\u2026die vier Sicherheitsregeln verinnerlicht haben.<\/p>\n\n\n\n<p>\u2026eine stabile Schie\u00dfhaltung inkl. sauberer Ziel- und Abzugstechnik entwickelt haben.<\/p>\n\n\n\n<p>&#8230; die Kurzwaffe geladen und zugriffsbereit f\u00fchren zu k\u00f6nnen.<\/p>\n\n\n\n<p>\u2026 in der Lage sein, die Kurzwaffe aus dem Holster zu ziehen und einen sicheren Treffer auf bis zu 15m Entfernung anzubringen.<\/p>\n\n\n\n<p>\u2026 Auswahlkriterien f\u00fcr Ausr\u00fcstungsgegenst\u00e4nde kennengelernt haben.<\/p>\n\n\n\n<p>\u2026 seine EH Kenntnisse in Bezug auf das Management von Schussverletzungen und kritischen Blutungen erweitert haben.<\/p>\n\n\n\n<p>&#8230; das Schie\u00dfen in der Bewegung kennengelernt haben.<\/p>\n\n\n\n<p><\/p>\n\n\n\n<p>Voraussetzungen:<\/p>\n\n\n\n<p>Sie sind<strong> Inhaber eines g\u00fcltigen Jagdscheines<\/strong> und k\u00f6rperlich einigerma\u00dfen belastbar.<\/p>\n\n\n\n<p>Ihre Ausr\u00fcstung umfasst mindestens einen Geh\u00f6rschutz und eine Schutzbrille (beides kann auch gestellt werden). Bitte bringen Sie auch eine Jacke mit.<\/p>\n\n\n\n<p>Idealerweise besitzen Sie bereits eine Kurzwaffe nebst 2-3 Ersatzmagazinen bzw. Speedloadern und ein dazu passendes Holster (bitte keine IPSC Schnellziehholster oder Schulterholster) sowie etwa 300 Schuss Munition.<\/p>\n\n\n\n<p>Zudem sind Sie mit der grundlegenden Bedienung der Waffe vertraut.<\/p>\n\n\n\n<p>F\u00fcr den Fall, dass Sie noch keine eigene Waffe besitzen, kontaktieren sie uns bitte. Es k\u00f6nnen Leihwaffen, Munition und Ausstattung zur Verf\u00fcgung gestellt werden.<\/p>\n\n\n\n<p>Wenn Sie Munition ben\u00f6tigen, k\u00f6nnen wir Ihnen diese ebenso vor Ort zur Verf\u00fcgung stellen. <em>Bitte nehmen Sie dazu vorab Kontakt auf.<\/em><\/p>\n\n\n\n<p><\/p>\n\n\n\n<p><\/p>\n\n\n\n<p>Im Kurs f\u00fchren wir jagdliches \u00dcbungsschie\u00dfen durch.<\/p>\n\n\n\n<p>Die Kurse enthalten keine erlaubnispflichtigen Elemente des Verteidigungsschie\u00dfens oder des kampfm\u00e4\u00dfigen Schie\u00dfens. <\/p>\n\n\n\n<p>Der Kurs ist f\u00fcr Beginner als auch fortgeschrittene Sch\u00fctzen mit eigener Waffe geeignet.<\/p>\n\n\n\n<p>Die Maximale Kursgr\u00f6\u00dfe betr\u00e4gt 12 Teilnehmer.<\/p>\n\n\n\n<p><\/p>\n\n\n\n<p><em>Aktuell keine festen Termine. Termin f\u00fcr eine N\u00e4chster Kurs: Aktuell haben wir keine festen Termine f\u00fcr <\/em>Kurse &#8222;J\u00e4ger 1&#8220; geplant. Gerne bieten wir Ihnen einen individuellen Kurs ab einer festen Teilnehmerzahl von min. 8 Personen nach Absprache an. Gerne auch bei Ihnen vor Ort. Schreiben Sie uns dazu einfach eine Nachricht.<\/p>\n\n\n\n<p><strong>Kosten<\/strong><\/p>\n\n\n\n<p>Bezahlung per \u00dcberweisung oder PayPal nach Best\u00e4tigung der Anmeldung durch uns.<\/p>\n\n\n\n<p>199\u20ac Normalpreis &#8211; <em>verf\u00fcgbar<\/em><\/p>\n\n\n\n<p><\/p>\n\n\n\n<p><strong>Anmeldung<\/strong><\/p>\n\n\n\n<p><\/p>\n\n\n<div class=\"wp-block-jetpack-contact-form\"><a href=\"https:\/\/www.ms-pracsol.de\/?page_id=339\" target=\"_blank\" rel=\"noopener noreferrer\">Formular einreichen.<\/a><\/div>","protected":false},"excerpt":{"rendered":"<p>Getreu unserem Motto \u201eMit.Waffen.Leben\u201c vermitteln wir hier die Grundlagen des Umgangs mit der Kurzwaffe. Ausgehend von den individuellen Vorrausetzungen der Kursteilnehmer verfolgen wir in diesem Kurs diese Ziele: Am Ende des Ausbildungstages soll der Teilnehmer\u2026 \u2026die vier Sicherheitsregeln verinnerlicht haben. \u2026eine stabile Schie\u00dfhaltung inkl. sauberer Ziel- und Abzugstechnik entwickelt haben. &#8230; die Kurzwaffe geladen und&#8230;<\/p>\n<p class=\"more-link\"><a href=\"https:\/\/www.ms-pracsol.de\/?page_id=339\" class=\"themebutton3\">Read More<\/a><\/p>\n","protected":false},"author":1,"featured_media":0,"parent":179,"menu_order":0,"comment_status":"closed","ping_status":"closed","template":"","meta":{"spay_email":""},"yoast_head":"<!-- This site is optimized with the Yoast SEO plugin v18.7 - https:\/\/yoast.com\/wordpress\/plugins\/seo\/ -->\n<title>J\u00e4ger 1 - MSPS - Schie\u00dfkurse und Waffenhandel<\/title>\n<meta name=\"robots\" content=\"index, follow, max-snippet:-1, max-image-preview:large, max-video-preview:-1\" \/>\n<link rel=\"canonical\" href=\"https:\/\/www.ms-pracsol.de\/?page_id=339\" \/>\n<meta property=\"og:locale\" content=\"de_DE\" \/>\n<meta property=\"og:type\" content=\"article\" \/>\n<meta property=\"og:title\" content=\"J\u00e4ger 1 - MSPS - Schie\u00dfkurse und Waffenhandel\" \/>\n<meta property=\"og:description\" content=\"Getreu unserem Motto \u201eMit.Waffen.Leben\u201c vermitteln wir hier die Grundlagen des Umgangs mit der Kurzwaffe. Ausgehend von den individuellen Vorrausetzungen der Kursteilnehmer verfolgen wir in diesem Kurs diese Ziele: Am Ende des Ausbildungstages soll der Teilnehmer\u2026 \u2026die vier Sicherheitsregeln verinnerlicht haben. \u2026eine stabile Schie\u00dfhaltung inkl. sauberer Ziel- und Abzugstechnik entwickelt haben. &#8230; die Kurzwaffe geladen und...Read More\" \/>\n<meta property=\"og:url\" content=\"https:\/\/www.ms-pracsol.de\/?page_id=339\" \/>\n<meta property=\"og:site_name\" content=\"MSPS - Schie\u00dfkurse und Waffenhandel\" \/>\n<meta property=\"article:modified_time\" content=\"2025-07-21T12:06:48+00:00\" \/>\n<meta name=\"twitter:card\" content=\"summary_large_image\" \/>\n<meta name=\"twitter:label1\" content=\"Gesch\u00e4tzte Lesezeit\" \/>\n\t<meta name=\"twitter:data1\" content=\"2 Minuten\" \/>\n<script type=\"application\/ld+json\" class=\"yoast-schema-graph\">{\"@context\":\"https:\/\/schema.org\",\"@graph\":[{\"@type\":\"WebSite\",\"@id\":\"https:\/\/www.ms-pracsol.de\/#website\",\"url\":\"https:\/\/www.ms-pracsol.de\/\",\"name\":\"MSPS - Schie\u00dfkurse und Waffenhandel\",\"description\":\"Eure Kompetenz im Ruhrgebiet\",\"potentialAction\":[{\"@type\":\"SearchAction\",\"target\":{\"@type\":\"EntryPoint\",\"urlTemplate\":\"https:\/\/www.ms-pracsol.de\/?s={search_term_string}\"},\"query-input\":\"required name=search_term_string\"}],\"inLanguage\":\"de-DE\"},{\"@type\":\"WebPage\",\"@id\":\"https:\/\/www.ms-pracsol.de\/?page_id=339#webpage\",\"url\":\"https:\/\/www.ms-pracsol.de\/?page_id=339\",\"name\":\"J\u00e4ger 1 - MSPS - Schie\u00dfkurse und Waffenhandel\",\"isPartOf\":{\"@id\":\"https:\/\/www.ms-pracsol.de\/#website\"},\"datePublished\":\"2020-07-09T12:01:23+00:00\",\"dateModified\":\"2025-07-21T12:06:48+00:00\",\"breadcrumb\":{\"@id\":\"https:\/\/www.ms-pracsol.de\/?page_id=339#breadcrumb\"},\"inLanguage\":\"de-DE\",\"potentialAction\":[{\"@type\":\"ReadAction\",\"target\":[\"https:\/\/www.ms-pracsol.de\/?page_id=339\"]}]},{\"@type\":\"BreadcrumbList\",\"@id\":\"https:\/\/www.ms-pracsol.de\/?page_id=339#breadcrumb\",\"itemListElement\":[{\"@type\":\"ListItem\",\"position\":1,\"name\":\"Startseite\",\"item\":\"https:\/\/www.ms-pracsol.de\/\"},{\"@type\":\"ListItem\",\"position\":2,\"name\":\"Kurse und Trainings\",\"item\":\"https:\/\/www.ms-pracsol.de\/?page_id=179\"},{\"@type\":\"ListItem\",\"position\":3,\"name\":\"J\u00e4ger 1\"}]}]}<\/script>\n<!-- \/ Yoast SEO plugin. -->","yoast_head_json":{"title":"J\u00e4ger 1 - MSPS - Schie\u00dfkurse und Waffenhandel","robots":{"index":"index","follow":"follow","max-snippet":"max-snippet:-1","max-image-preview":"max-image-preview:large","max-video-preview":"max-video-preview:-1"},"canonical":"https:\/\/www.ms-pracsol.de\/?page_id=339","og_locale":"de_DE","og_type":"article","og_title":"J\u00e4ger 1 - MSPS - Schie\u00dfkurse und Waffenhandel","og_description":"Getreu unserem Motto \u201eMit.Waffen.Leben\u201c vermitteln wir hier die Grundlagen des Umgangs mit der Kurzwaffe. Ausgehend von den individuellen Vorrausetzungen der Kursteilnehmer verfolgen wir in diesem Kurs diese Ziele: Am Ende des Ausbildungstages soll der Teilnehmer\u2026 \u2026die vier Sicherheitsregeln verinnerlicht haben. \u2026eine stabile Schie\u00dfhaltung inkl. sauberer Ziel- und Abzugstechnik entwickelt haben. &#8230; die Kurzwaffe geladen und...Read More","og_url":"https:\/\/www.ms-pracsol.de\/?page_id=339","og_site_name":"MSPS - Schie\u00dfkurse und Waffenhandel","article_modified_time":"2025-07-21T12:06:48+00:00","twitter_card":"summary_large_image","twitter_misc":{"Gesch\u00e4tzte Lesezeit":"2 Minuten"},"schema":{"@context":"https:\/\/schema.org","@graph":[{"@type":"WebSite","@id":"https:\/\/www.ms-pracsol.de\/#website","url":"https:\/\/www.ms-pracsol.de\/","name":"MSPS - Schie\u00dfkurse und Waffenhandel","description":"Eure Kompetenz im Ruhrgebiet","potentialAction":[{"@type":"SearchAction","target":{"@type":"EntryPoint","urlTemplate":"https:\/\/www.ms-pracsol.de\/?s={search_term_string}"},"query-input":"required name=search_term_string"}],"inLanguage":"de-DE"},{"@type":"WebPage","@id":"https:\/\/www.ms-pracsol.de\/?page_id=339#webpage","url":"https:\/\/www.ms-pracsol.de\/?page_id=339","name":"J\u00e4ger 1 - MSPS - Schie\u00dfkurse und Waffenhandel","isPartOf":{"@id":"https:\/\/www.ms-pracsol.de\/#website"},"datePublished":"2020-07-09T12:01:23+00:00","dateModified":"2025-07-21T12:06:48+00:00","breadcrumb":{"@id":"https:\/\/www.ms-pracsol.de\/?page_id=339#breadcrumb"},"inLanguage":"de-DE","potentialAction":[{"@type":"ReadAction","target":["https:\/\/www.ms-pracsol.de\/?page_id=339"]}]},{"@type":"BreadcrumbList","@id":"https:\/\/www.ms-pracsol.de\/?page_id=339#breadcrumb","itemListElement":[{"@type":"ListItem","position":1,"name":"Startseite","item":"https:\/\/www.ms-pracsol.de\/"},{"@type":"ListItem","position":2,"name":"Kurse und Trainings","item":"https:\/\/www.ms-pracsol.de\/?page_id=179"},{"@type":"ListItem","position":3,"name":"J\u00e4ger 1"}]}]}},"_links":{"self":[{"href":"https:\/\/www.ms-pracsol.de\/index.php?rest_route=\/wp\/v2\/pages\/339"}],"collection":[{"href":"https:\/\/www.ms-pracsol.de\/index.php?rest_route=\/wp\/v2\/pages"}],"about":[{"href":"https:\/\/www.ms-pracsol.de\/index.php?rest_route=\/wp\/v2\/types\/page"}],"author":[{"embeddable":true,"href":"https:\/\/www.ms-pracsol.de\/index.php?rest_route=\/wp\/v2\/users\/1"}],"replies":[{"embeddable":true,"href":"https:\/\/www.ms-pracsol.de\/index.php?rest_route=%2Fwp%2Fv2%2Fcomments&post=339"}],"version-history":[{"count":8,"href":"https:\/\/www.ms-pracsol.de\/index.php?rest_route=\/wp\/v2\/pages\/339\/revisions"}],"predecessor-version":[{"id":512,"href":"https:\/\/www.ms-pracsol.de\/index.php?rest_route=\/wp\/v2\/pages\/339\/revisions\/512"}],"up":[{"embeddable":true,"href":"https:\/\/www.ms-pracsol.de\/index.php?rest_route=\/wp\/v2\/pages\/179"}],"wp:attachment":[{"href":"https:\/\/www.ms-pracsol.de\/index.php?rest_route=%2Fwp%2Fv2%2Fmedia&parent=339"}],"curies":[{"name":"wp","href":"https:\/\/api.w.org\/{rel}","templated":true}]}}